{"id":32,"date":"2025-09-12T14:00:17","date_gmt":"2025-09-12T14:00:17","guid":{"rendered":"https:\/\/zenithformation.com\/?page_id=32"},"modified":"2025-09-13T00:13:55","modified_gmt":"2025-09-13T00:13:55","slug":"home","status":"publish","type":"page","link":"https:\/\/zenithformation.com\/","title":{"rendered":"Home-ok"},"content":{"rendered":"\n<figure class=\"wp-block-image alignfull size-large\"><img fetchpriority=\"high\" decoding=\"async\" width=\"1024\" height=\"341\" src=\"https:\/\/zenithformation.com\/wp-content\/uploads\/2025\/09\/AFMM-Easter.Eggs-Banner-News-1024x341.jpg\" alt=\"\" class=\"wp-image-56\" srcset=\"https:\/\/zenithformation.com\/wp-content\/uploads\/2025\/09\/AFMM-Easter.Eggs-Banner-News-1024x341.jpg 1024w, https:\/\/zenithformation.com\/wp-content\/uploads\/2025\/09\/AFMM-Easter.Eggs-Banner-News-300x100.jpg 300w, https:\/\/zenithformation.com\/wp-content\/uploads\/2025\/09\/AFMM-Easter.Eggs-Banner-News-768x256.jpg 768w, https:\/\/zenithformation.com\/wp-content\/uploads\/2025\/09\/AFMM-Easter.Eggs-Banner-News.jpg 1200w\" sizes=\"(max-width: 1024px) 100vw, 1024px\" \/><\/figure>\n\n\n\n<p class=\"has-large-font-size\"><br>Participez \u00e0 la formation en partenariat avec Short \u00c9dition et b\u00e9n\u00e9ficiez de l\u2019expertise de Thomas Lamouroux qui a dirig\u00e9 l\u2019Alliance Fran\u00e7aise de Malte et a pilot\u00e9 la mise en place d\u2019un Cub\u00b4\u00c9dito gr\u00e2ce \u00e0 un financement STAFE.<\/p>\n\n\n\n<div class=\"wp-block-columns is-layout-flex wp-container-core-columns-is-layout-28f84493 wp-block-columns-is-layout-flex\">\n<div class=\"wp-block-column is-layout-flow wp-block-column-is-layout-flow\">\n<figure class=\"wp-block-image size-full\"><img decoding=\"async\" width=\"500\" height=\"500\" src=\"https:\/\/zenithformation.com\/wp-content\/uploads\/2025\/09\/AFMM-Easter-Eggs-500.jpg\" alt=\"\" class=\"wp-image-58\" srcset=\"https:\/\/zenithformation.com\/wp-content\/uploads\/2025\/09\/AFMM-Easter-Eggs-500.jpg 500w, https:\/\/zenithformation.com\/wp-content\/uploads\/2025\/09\/AFMM-Easter-Eggs-500-300x300.jpg 300w, https:\/\/zenithformation.com\/wp-content\/uploads\/2025\/09\/AFMM-Easter-Eggs-500-150x150.jpg 150w\" sizes=\"(max-width: 500px) 100vw, 500px\" \/><\/figure>\n\n\n\n<p class=\"has-medium-font-size\">Finance ton Cub&#8217;\u00c9dito<\/p>\n<\/div>\n\n\n\n<div class=\"wp-block-column is-layout-flow wp-block-column-is-layout-flow\">\n<figure class=\"wp-block-image size-full\"><img decoding=\"async\" width=\"500\" height=\"500\" src=\"https:\/\/zenithformation.com\/wp-content\/uploads\/2025\/09\/FOAF-KIT_PRO_F_MARITIME-ATELIER-500x500px.jpg\" alt=\"\" class=\"wp-image-59\" srcset=\"https:\/\/zenithformation.com\/wp-content\/uploads\/2025\/09\/FOAF-KIT_PRO_F_MARITIME-ATELIER-500x500px.jpg 500w, https:\/\/zenithformation.com\/wp-content\/uploads\/2025\/09\/FOAF-KIT_PRO_F_MARITIME-ATELIER-500x500px-300x300.jpg 300w, https:\/\/zenithformation.com\/wp-content\/uploads\/2025\/09\/FOAF-KIT_PRO_F_MARITIME-ATELIER-500x500px-150x150.jpg 150w\" sizes=\"(max-width: 500px) 100vw, 500px\" \/><\/figure>\n\n\n\n<p class=\"has-medium-font-size\">Festival d&#8217; Histories Courtes<\/p>\n<\/div>\n\n\n\n<div class=\"wp-block-column is-layout-flow wp-block-column-is-layout-flow\">\n<figure class=\"wp-block-image size-full\"><img loading=\"lazy\" decoding=\"async\" width=\"500\" height=\"500\" src=\"https:\/\/zenithformation.com\/wp-content\/uploads\/2025\/09\/AFMM_500px-GUIA-COURSES-2024-SENIOR-2.jpg\" alt=\"\" class=\"wp-image-60\" srcset=\"https:\/\/zenithformation.com\/wp-content\/uploads\/2025\/09\/AFMM_500px-GUIA-COURSES-2024-SENIOR-2.jpg 500w, https:\/\/zenithformation.com\/wp-content\/uploads\/2025\/09\/AFMM_500px-GUIA-COURSES-2024-SENIOR-2-300x300.jpg 300w, https:\/\/zenithformation.com\/wp-content\/uploads\/2025\/09\/AFMM_500px-GUIA-COURSES-2024-SENIOR-2-150x150.jpg 150w\" sizes=\"(max-width: 500px) 100vw, 500px\" \/><\/figure>\n\n\n\n<p class=\"has-medium-font-size\">Thomas Lamouroux<\/p>\n<\/div>\n<\/div>\n\n\n\n<hr class=\"wp-block-separator has-alpha-channel-opacity is-style-default\"\/>\n\n\n\n<div class=\"wp-block-group is-layout-constrained wp-block-group-is-layout-constrained\">\n<h2 class=\"wp-block-heading\" id=\"Formation\"><strong>Formation financement publics<\/strong><\/h2>\n\n\n\n<p style=\"margin-top:0;margin-right:0;margin-bottom:0;margin-left:0\">Recherche et montage de dossiers<\/p>\n\n\n\n<div class=\"wp-block-columns has-black-color has-text-color has-link-color has-small-font-size wp-elements-2b51fd7f07490bd65bc0d29250d0cc7d is-layout-flex wp-container-core-columns-is-layout-19d5c754 wp-block-columns-is-layout-flex\" style=\"margin-top:20;margin-bottom:20px;padding-top:0;padding-right:0;padding-bottom:0;padding-left:0\">\n<div class=\"wp-block-column has-background is-layout-flow wp-block-column-is-layout-flow\" style=\"background-color:#66ccff;padding-top:0;padding-right:0;padding-bottom:0;padding-left:0\">\n<p class=\"has-background\" style=\"background-color:#66ccff\">1- MA\u00ceTRISEZ LES FONDEMENTS DES APPELS \u00c0 PROJET.<\/p>\n<\/div>\n\n\n\n<div class=\"wp-block-column has-background is-layout-flow wp-block-column-is-layout-flow\" style=\"background-color:#66ccff\">\n<p class=\"has-background\" style=\"background-color:#66ccff\">2 -ORGANISEZ VOTRE PREMIER FESTIVAL D\u2019HISTOIRES COURTES &#8211; (Inclus dans la formation.)<\/p>\n<\/div>\n\n\n\n<div class=\"wp-block-column has-background is-layout-flow wp-block-column-is-layout-flow\" style=\"background-color:#66ccff\">\n<p class=\"has-background\" style=\"background-color:#66ccff\">3 &#8211; D\u00c9POSEZ VOTRE DEMANDE DE SUBVENTION AUPR\u00c8S DE L\u2019INSTITUT FRAN\u00c7AIS.<\/p>\n<\/div>\n\n\n\n<div class=\"wp-block-column has-background is-layout-flow wp-block-column-is-layout-flow\" style=\"background-color:#66ccff\">\n<p class=\"has-background\" style=\"background-color:#66ccff\">4 &#8211; OBTENEZ VOTRE&nbsp; FINANCEMENT ET VOTRE CUB\u2019\u00c9DITO.<\/p>\n<\/div>\n\n\n\n<div class=\"wp-block-column has-background is-layout-flow wp-block-column-is-layout-flow\" style=\"background-color:#66ccff\">\n<p class=\"has-background\" style=\"background-color:#66ccff\">5 -C\u00c9L\u00c9BREZ LA DEUXI\u00c8ME&nbsp; \u00c9DITION DU FESTIVAL.<\/p>\n<\/div>\n<\/div>\n\n\n\n<div class=\"wp-block-columns is-layout-flex wp-container-core-columns-is-layout-28f84493 wp-block-columns-is-layout-flex\">\n<div class=\"wp-block-column is-layout-flow wp-block-column-is-layout-flow\" style=\"flex-basis:66.66%\">\n<h4 class=\"wp-block-heading has-medium-font-size\"><strong>Objectifs p\u00e9dagogiques :<\/strong><\/h4>\n\n\n\n<ul class=\"wp-block-list has-medium-font-size\">\n<li>Identifier les dispositifs de <strong>financements publics<\/strong> adapt\u00e9s \u00e0 votre projet.<\/li>\n\n\n\n<li>Acqu\u00e9rir une m\u00e9thode pour monter un <strong>dossier solide<\/strong> et un <strong>budget r\u00e9aliste<\/strong>.<\/li>\n\n\n\n<li><strong>Structurer un calendrier<\/strong> de d\u00e9p\u00f4t en fonction des appels \u00e0 projets et des \u00e9tapes de chaque composante.<\/li>\n\n\n\n<li>\u00c9laborer une pr\u00e9sentation convaincante pour maximiser vos chances de r\u00e9ussite.<\/li>\n\n\n\n<li>Mettre en pratique avec un <strong>cas concret<\/strong> : organisation d\u2019un festival litt\u00e9raire.<\/li>\n<\/ul>\n<\/div>\n\n\n\n<div class=\"wp-block-column is-layout-flow wp-block-column-is-layout-flow\" style=\"flex-basis:33.33%\">\n<h4 class=\"wp-block-heading has-medium-font-size\">Modalit\u00e9s :<\/h4>\n\n\n\n<ul class=\"wp-block-list\">\n<li>Format : en pr\u00e9sentiel<\/li>\n\n\n\n<li>Dur\u00e9e : 7h<\/li>\n\n\n\n<li>Public : Alliances Fran\u00e7aises, Instituts Fran\u00e7ais, porteurs de projets, associations&#8230;<\/li>\n<\/ul>\n\n\n\n<h4 class=\"wp-block-heading has-medium-font-size\">Tarif : 680 \u20ac<\/h4>\n\n\n\n<p>Hors transport et h\u00e9bergement. Inclut l\u2019organisation d\u2019un \u00e9v\u00e8nement litt\u00e9raire: <strong>FESTIVAL D\u2019HISTOIRES COURTES<\/strong><\/p>\n<\/div>\n<\/div>\n<\/div>\n\n\n\n<hr class=\"wp-block-separator has-alpha-channel-opacity\"\/>\n\n\n\n<div class=\"wp-block-group is-layout-constrained wp-block-group-is-layout-constrained\">\n<h2 class=\"wp-block-heading\" id=\"Festival\"><strong>Festival d\u2019histoires courtes<\/strong><\/h2>\n<\/div>\n\n\n\n<hr class=\"wp-block-separator has-alpha-channel-opacity\"\/>\n\n\n\n<div class=\"wp-block-group is-layout-constrained wp-block-group-is-layout-constrained\">\n<h2 class=\"wp-block-heading\" id=\"Thomas\">Thomas Lamouroux<\/h2>\n\n\n\n<p class=\"has-medium-font-size\"><strong>Enseignant \u00e0 La Sorbonne Nouvelle, coop\u00e9rant, entrepreneur et doctorant \u00e0 l\u2019Universit\u00e9 de Franche-Comt\u00e9<\/strong>.<\/p>\n\n\n\n<p>Thomas Lamouroux est dipl\u00f4m\u00e9 en Management (IESEG) et en ing\u00e9nierie p\u00e9dagogique (CLA de Besan\u00e7on). Il a enseign\u00e9 le fran\u00e7ais langue \u00e9trang\u00e8re et occup\u00e9 divers postes de direction au sein du r\u00e9seau culturel fran\u00e7ais dans une dizaine de pays. Il est \u00e9galement \u00e0 l\u2019origine de plusieurs projets m\u00ealant la culture et l&#8217;enseignement des langues, tels le FOAF \u2014 Forum des Opportunit\u00e9s des Alliances Fran\u00e7aises \u2014 au Br\u00e9sil puis \u00e0 Malte, qui a abouti \u00e0 la cr\u00e9ation d&#8217;un nouveau produit &#8211; le kit pro, utilis\u00e9 dans les Alliances Fran\u00e7aises \u00e0 travers le monde et qu\u2019il a pr\u00e9sent\u00e9 lors des trois derniers Congr\u00e8s internationaux de la FIPF&nbsp;(lien article). Formateur de formateurs, il propose aujourd\u2019hui des formations sur la prise de parole en public, le management interculturel ou encore l\u2019enseignement du fran\u00e7ais professionnel. Tout au long de son parcours, il a fait de la diversit\u00e9 des contextes, des publics et des missions le moteur de son engagement professionnel. Son dernier projet, le MOOC&nbsp;Faire tiers-lieu dans le r\u00e9seau culturel, est accessible en ligne :<\/p>\n<\/div>\n\n\n\n<hr class=\"wp-block-separator has-alpha-channel-opacity\"\/>\n\n\n\n<div class=\"wp-block-group is-layout-constrained wp-block-group-is-layout-constrained\">\n<h2 class=\"wp-block-heading\" id=\"Festival\"><strong><strong><strong>Autres formations disponibles<\/strong><\/strong><\/strong><\/h2>\n\n\n\n<div class=\"wp-block-columns is-layout-flex wp-container-core-columns-is-layout-28f84493 wp-block-columns-is-layout-flex\">\n<div class=\"wp-block-column is-layout-flow wp-block-column-is-layout-flow\">\n<h3 class=\"wp-block-heading\"><strong><strong>Management<\/strong><\/strong><\/h3>\n<\/div>\n\n\n\n<div class=\"wp-block-column is-layout-constrained wp-block-column-is-layout-constrained\">\n<h3 class=\"wp-block-heading\"><strong>FLE<\/strong><\/h3>\n<\/div>\n<\/div>\n<\/div>\n\n\n\n<hr class=\"wp-block-separator has-alpha-channel-opacity\"\/>\n\n\n\n<div class=\"wp-block-group is-layout-constrained wp-block-group-is-layout-constrained\">\n<h2 class=\"wp-block-heading\" id=\"Pourquoi\"><strong><strong>Pourquoi choisir nos formations&nbsp;?<\/strong><\/strong><\/h2>\n<\/div>\n\n\n\n<hr class=\"wp-block-separator has-alpha-channel-opacity\"\/>\n\n\n\n<div class=\"wp-block-group is-layout-constrained wp-block-group-is-layout-constrained\">\n<h2 class=\"wp-block-heading\" id=\"Temoignages\"><strong><strong><strong>T\u00e9moignages<\/strong><\/strong><\/strong><\/h2>\n<\/div>\n\n\n\n<hr class=\"wp-block-separator has-alpha-channel-opacity\"\/>\n\n\n\n<div class=\"wp-block-group is-layout-constrained wp-block-group-is-layout-constrained\">\n<h2 class=\"wp-block-heading\" id=\"Formations\"><strong><strong>Contact<\/strong><\/strong><\/h2>\n<\/div>\n","protected":false},"excerpt":{"rendered":"<p>Participez \u00e0 la formation en partenariat avec Short \u00c9dition et b\u00e9n\u00e9ficiez de l\u2019expertise de Thomas Lamouroux qui a dirig\u00e9 l\u2019Alliance Fran\u00e7aise de Malte et a pilot\u00e9 la mise en place d\u2019un Cub\u00b4\u00c9dito gr\u00e2ce \u00e0 un financement STAFE. Finance ton Cub&#8217;\u00c9dito Festival d&#8217; Histories Courtes Thomas Lamouroux Formation financement publics Recherche et montage de dossiers 1- [&hellip;]<\/p>\n","protected":false},"author":1,"featured_media":0,"parent":0,"menu_order":0,"comment_status":"closed","ping_status":"closed","template":"","meta":{"footnotes":""},"class_list":["post-32","page","type-page","status-publish","hentry"],"_links":{"self":[{"href":"https:\/\/zenithformation.com\/index.php?rest_route=\/wp\/v2\/pages\/32","targetHints":{"allow":["GET"]}}],"collection":[{"href":"https:\/\/zenithformation.com\/index.php?rest_route=\/wp\/v2\/pages"}],"about":[{"href":"https:\/\/zenithformation.com\/index.php?rest_route=\/wp\/v2\/types\/page"}],"author":[{"embeddable":true,"href":"https:\/\/zenithformation.com\/index.php?rest_route=\/wp\/v2\/users\/1"}],"replies":[{"embeddable":true,"href":"https:\/\/zenithformation.com\/index.php?rest_route=%2Fwp%2Fv2%2Fcomments&post=32"}],"version-history":[{"count":35,"href":"https:\/\/zenithformation.com\/index.php?rest_route=\/wp\/v2\/pages\/32\/revisions"}],"predecessor-version":[{"id":101,"href":"https:\/\/zenithformation.com\/index.php?rest_route=\/wp\/v2\/pages\/32\/revisions\/101"}],"wp:attachment":[{"href":"https:\/\/zenithformation.com\/index.php?rest_route=%2Fwp%2Fv2%2Fmedia&parent=32"}],"curies":[{"name":"wp","href":"https:\/\/api.w.org\/{rel}","templated":true}]}}